{"id":141,"date":"2019-08-02T11:24:04","date_gmt":"2019-08-02T09:24:04","guid":{"rendered":"http:\/\/3c634affzx.preview.infomaniak.website\/?page_id=141"},"modified":"2019-08-11T16:02:44","modified_gmt":"2019-08-11T14:02:44","slug":"nos-rouges","status":"publish","type":"page","link":"https:\/\/camiliengaille.ch\/de\/nos-rouges\/","title":{"rendered":"Nos Vins Rouges"},"content":{"rendered":"<p>Nous vinifions 5 rouges, dont 3 en f\u00fbts de ch\u00eane:<br \/>&#8211; <a href=\"http:\/\/3c634affzx.preview.infomaniak.website\/le-temeraire-2\/\">Le T\u00e9m\u00e9raire<\/a><br \/>&#8211; <a href=\"http:\/\/3c634affzx.preview.infomaniak.website\/sur-les-chaux\/\">Sur-les-Chaux<\/a><br \/>&#8211; <a href=\"http:\/\/3c634affzx.preview.infomaniak.website\/sur-les-chaux-en-futs\/\">Sur-les-Chaux en f\u00fbts<\/a><br \/>&#8211; <a href=\"http:\/\/3c634affzx.preview.infomaniak.website\/les-deracines\/\">Les D\u00e9racin\u00e9s<\/a><br \/>&#8211; <a href=\"http:\/\/3c634affzx.preview.infomaniak.website\/ros-solis\/\">Ros Solis<\/a><\/p>","protected":false},"excerpt":{"rendered":"<p>Nous vinifions 5 rouges, dont 3 en f\u00fbts de ch\u00eane:&#8211; Le T\u00e9m\u00e9raire&#8211; Sur-les-Chaux&#8211; Sur-les-Chaux en f\u00fbts&#8211; Les D\u00e9racin\u00e9s&#8211; Ros Solis<\/p>","protected":false},"author":3,"featured_media":0,"parent":0,"menu_order":0,"comment_status":"closed","ping_status":"closed","template":"","meta":{"footnotes":""},"class_list":["post-141","page","type-page","status-publish","hentry","entry"],"yoast_head":"<!-- This site is optimized with the Yoast SEO plugin v20.1 - https:\/\/yoast.com\/wordpress\/plugins\/seo\/ -->\n<title>Nos Vins Rouges -<\/title>\n<meta name=\"robots\" content=\"index, follow, max-snippet:-1, max-image-preview:large, max-video-preview:-1\" \/>\n<link rel=\"canonical\" href=\"https:\/\/camiliengaille.ch\/de\/nos-rouges\/\" \/>\n<meta property=\"og:locale\" content=\"de_DE\" \/>\n<meta property=\"og:type\" content=\"article\" \/>\n<meta property=\"og:title\" content=\"Nos Vins Rouges -\" \/>\n<meta property=\"og:description\" content=\"Nous vinifions 5 rouges, dont 3 en f\u00fbts de ch\u00eane:&#8211; Le T\u00e9m\u00e9raire&#8211; Sur-les-Chaux&#8211; Sur-les-Chaux en f\u00fbts&#8211; Les D\u00e9racin\u00e9s&#8211; Ros Solis\" \/>\n<meta property=\"og:url\" content=\"https:\/\/camiliengaille.ch\/de\/nos-rouges\/\" \/>\n<meta property=\"article:modified_time\" content=\"2019-08-11T14:02:44+00:00\" \/>\n<meta name=\"twitter:card\" content=\"summary_large_image\" \/>\n<script type=\"application\/ld+json\" class=\"yoast-schema-graph\">{\"@context\":\"https:\/\/schema.org\",\"@graph\":[{\"@type\":\"WebPage\",\"@id\":\"https:\/\/camiliengaille.ch\/nos-rouges\/\",\"url\":\"https:\/\/camiliengaille.ch\/nos-rouges\/\",\"name\":\"Nos Vins Rouges -\",\"isPartOf\":{\"@id\":\"https:\/\/camiliengaille.ch\/#website\"},\"datePublished\":\"2019-08-02T09:24:04+00:00\",\"dateModified\":\"2019-08-11T14:02:44+00:00\",\"breadcrumb\":{\"@id\":\"https:\/\/camiliengaille.ch\/nos-rouges\/#breadcrumb\"},\"inLanguage\":\"de\",\"potentialAction\":[{\"@type\":\"ReadAction\",\"target\":[\"https:\/\/camiliengaille.ch\/nos-rouges\/\"]}]},{\"@type\":\"BreadcrumbList\",\"@id\":\"https:\/\/camiliengaille.ch\/nos-rouges\/#breadcrumb\",\"itemListElement\":[{\"@type\":\"ListItem\",\"position\":1,\"name\":\"Accueil\",\"item\":\"https:\/\/camiliengaille.ch\/\"},{\"@type\":\"ListItem\",\"position\":2,\"name\":\"Nos Vins Rouges\"}]},{\"@type\":\"WebSite\",\"@id\":\"https:\/\/camiliengaille.ch\/#website\",\"url\":\"https:\/\/camiliengaille.ch\/\",\"name\":\"\",\"description\":\"\",\"potentialAction\":[{\"@type\":\"SearchAction\",\"target\":{\"@type\":\"EntryPoint\",\"urlTemplate\":\"https:\/\/camiliengaille.ch\/?s={search_term_string}\"},\"query-input\":\"required name=search_term_string\"}],\"inLanguage\":\"de\"}]}<\/script>\n<!-- \/ Yoast SEO plugin. -->","yoast_head_json":{"title":"Nos Vins Rouges -","robots":{"index":"index","follow":"follow","max-snippet":"max-snippet:-1","max-image-preview":"max-image-preview:large","max-video-preview":"max-video-preview:-1"},"canonical":"https:\/\/camiliengaille.ch\/de\/nos-rouges\/","og_locale":"de_DE","og_type":"article","og_title":"Nos Vins Rouges -","og_description":"Nous vinifions 5 rouges, dont 3 en f\u00fbts de ch\u00eane:&#8211; Le T\u00e9m\u00e9raire&#8211; Sur-les-Chaux&#8211; Sur-les-Chaux en f\u00fbts&#8211; Les D\u00e9racin\u00e9s&#8211; Ros Solis","og_url":"https:\/\/camiliengaille.ch\/de\/nos-rouges\/","article_modified_time":"2019-08-11T14:02:44+00:00","twitter_card":"summary_large_image","schema":{"@context":"https:\/\/schema.org","@graph":[{"@type":"WebPage","@id":"https:\/\/camiliengaille.ch\/nos-rouges\/","url":"https:\/\/camiliengaille.ch\/nos-rouges\/","name":"Nos Vins Rouges -","isPartOf":{"@id":"https:\/\/camiliengaille.ch\/#website"},"datePublished":"2019-08-02T09:24:04+00:00","dateModified":"2019-08-11T14:02:44+00:00","breadcrumb":{"@id":"https:\/\/camiliengaille.ch\/nos-rouges\/#breadcrumb"},"inLanguage":"de","potentialAction":[{"@type":"ReadAction","target":["https:\/\/camiliengaille.ch\/nos-rouges\/"]}]},{"@type":"BreadcrumbList","@id":"https:\/\/camiliengaille.ch\/nos-rouges\/#breadcrumb","itemListElement":[{"@type":"ListItem","position":1,"name":"Accueil","item":"https:\/\/camiliengaille.ch\/"},{"@type":"ListItem","position":2,"name":"Nos Vins Rouges"}]},{"@type":"WebSite","@id":"https:\/\/camiliengaille.ch\/#website","url":"https:\/\/camiliengaille.ch\/","name":"","description":"","potentialAction":[{"@type":"SearchAction","target":{"@type":"EntryPoint","urlTemplate":"https:\/\/camiliengaille.ch\/?s={search_term_string}"},"query-input":"required name=search_term_string"}],"inLanguage":"de"}]}},"_links":{"self":[{"href":"https:\/\/camiliengaille.ch\/de\/wp-json\/wp\/v2\/pages\/141","targetHints":{"allow":["GET"]}}],"collection":[{"href":"https:\/\/camiliengaille.ch\/de\/wp-json\/wp\/v2\/pages"}],"about":[{"href":"https:\/\/camiliengaille.ch\/de\/wp-json\/wp\/v2\/types\/page"}],"author":[{"embeddable":true,"href":"https:\/\/camiliengaille.ch\/de\/wp-json\/wp\/v2\/users\/3"}],"replies":[{"embeddable":true,"href":"https:\/\/camiliengaille.ch\/de\/wp-json\/wp\/v2\/comments?post=141"}],"version-history":[{"count":4,"href":"https:\/\/camiliengaille.ch\/de\/wp-json\/wp\/v2\/pages\/141\/revisions"}],"predecessor-version":[{"id":210,"href":"https:\/\/camiliengaille.ch\/de\/wp-json\/wp\/v2\/pages\/141\/revisions\/210"}],"wp:attachment":[{"href":"https:\/\/camiliengaille.ch\/de\/wp-json\/wp\/v2\/media?parent=141"}],"curies":[{"name":"wp","href":"https:\/\/api.w.org\/{rel}","templated":true}]}}

<p>Nous vinifions 5 rouges, dont 3 en fûts de chêne:<br />&#8211; <a href="http://3c634affzx.preview.infomaniak.website/le-temeraire-2/">Le Téméraire</a><br />&#8211; <a href="http://3c634affzx.preview.infomaniak.website/sur-les-chaux/">Sur-les-Chaux</a><br />&#8211; <a href="http://3c634affzx.preview.infomaniak.website/sur-les-chaux-en-futs/">Sur-les-Chaux en fûts</a><br />&#8211; <a href="http://3c634affzx.preview.infomaniak.website/les-deracines/">Les Déracinés</a><br />&#8211; <a href="http://3c634affzx.preview.infomaniak.website/ros-solis/">Ros Solis</a></p>

<p>Nous vinifions 5 rouges, dont 3 en fûts de chêne:&#8211; Le Téméraire&#8211; Sur-les-Chaux&#8211; Sur-les-Chaux en fûts&#8211; Les Déracinés&#8211; Ros Solis</p>

<!-- This site is optimized with the Yoast SEO plugin v20.1 - https://yoast.com/wordpress/plugins/seo/ -->
<title>Nos Vins Rouges -</title>
<meta name="robots" content="index, follow, max-snippet:-1, max-image-preview:large, max-video-preview:-1" />
<link rel="canonical" href="https://camiliengaille.ch/de/nos-rouges/" />
<meta property="og:locale" content="de_DE" />
<meta property="og:type" content="article" />
<meta property="og:title" content="Nos Vins Rouges -" />
<meta property="og:description" content="Nous vinifions 5 rouges, dont 3 en fûts de chêne:&#8211; Le Téméraire&#8211; Sur-les-Chaux&#8211; Sur-les-Chaux en fûts&#8211; Les Déracinés&#8211; Ros Solis" />
<meta property="og:url" content="https://camiliengaille.ch/de/nos-rouges/" />
<meta property="article:modified_time" content="2019-08-11T14:02:44+00:00" />
<meta name="twitter:card" content="summary_large_image" />
<script type="application/ld+json" class="yoast-schema-graph">{"@context":"https://schema.org","@graph":[{"@type":"WebPage","@id":"https://camiliengaille.ch/nos-rouges/","url":"https://camiliengaille.ch/nos-rouges/","name":"Nos Vins Rouges -","isPartOf":{"@id":"https://camiliengaille.ch/#website"},"datePublished":"2019-08-02T09:24:04+00:00","dateModified":"2019-08-11T14:02:44+00:00","breadcrumb":{"@id":"https://camiliengaille.ch/nos-rouges/#breadcrumb"},"inLanguage":"de","potentialAction":[{"@type":"ReadAction","target":["https://camiliengaille.ch/nos-rouges/"]}]},{"@type":"BreadcrumbList","@id":"https://camiliengaille.ch/nos-rouges/#breadcrumb","itemListElement":[{"@type":"ListItem","position":1,"name":"Accueil","item":"https://camiliengaille.ch/"},{"@type":"ListItem","position":2,"name":"Nos Vins Rouges"}]},{"@type":"WebSite","@id":"https://camiliengaille.ch/#website","url":"https://camiliengaille.ch/","name":"","description":"","potentialAction":[{"@type":"SearchAction","target":{"@type":"EntryPoint","urlTemplate":"https://camiliengaille.ch/?s={search_term_string}"},"query-input":"required name=search_term_string"}],"inLanguage":"de"}]}</script>
<!-- / Yoast SEO plugin. -->

Nous vinifions 5 rouges, dont 3 en fûts de chêne:&#8211; Le Téméraire&#8211; Sur-les-Chaux&#8211; Sur-les-Chaux en fûts&#8211; Les Déracinés&#8211; Ros Solis
